{"id":3233,"date":"2023-10-19T15:47:07","date_gmt":"2023-10-19T13:47:07","guid":{"rendered":"https:\/\/sagardeche.fr\/wordpress\/?page_id=3233"},"modified":"2023-10-19T16:50:13","modified_gmt":"2023-10-19T14:50:13","slug":"les-mariages-des-pasteurs-en-vivarais-1721-1757","status":"publish","type":"page","link":"https:\/\/sagardeche.fr\/wordpress\/index.php\/les-mariages-des-pasteurs-en-vivarais-1721-1757\/","title":{"rendered":"Les mariages des pasteurs en Vivarais (1721-1757)"},"content":{"rendered":"\n<p><iframe loading=\"lazy\" src=\"https:\/\/journals.openedition.org\/chretienssocietes\/8389\" width=\"100%\" height=\"1024\"><\/iframe><\/p>\n","protected":false},"excerpt":{"rendered":"","protected":false},"author":2,"featured_media":0,"parent":0,"menu_order":0,"comment_status":"closed","ping_status":"closed","template":"","meta":{"footnotes":""},"categories":[4,7],"tags":[],"class_list":["post-3233","page","type-page","status-publish","hentry","category-dossiers","category-protestants"],"yoast_head":"<!-- This site is optimized with the Yoast SEO plugin v24.2 - https:\/\/yoast.com\/wordpress\/plugins\/seo\/ -->\n<title>Les mariages des pasteurs en Vivarais (1721-1757) - SagArdeche<\/title>\n<meta name=\"description\" content=\"Les mariages des pasteurs en Vivarais (1721-1757) SagArdeche Protestants Soci\u00e9t\u00e9 amateurs g\u00e9n\u00e9alogie Ard\u00e8che Registres BMS Notaires paroissiaux Origines Ard\u00e9choises expoactes saga protestants\" \/>\n<meta name=\"robots\" content=\"index, follow, max-snippet:-1, max-image-preview:large, max-video-preview:-1\" \/>\n<link rel=\"canonical\" href=\"https:\/\/sagardeche.fr\/wordpress\/index.php\/les-mariages-des-pasteurs-en-vivarais-1721-1757\/\" \/>\n<meta property=\"og:locale\" content=\"fr_FR\" \/>\n<meta property=\"og:type\" content=\"article\" \/>\n<meta property=\"og:title\" content=\"Les mariages des pasteurs en Vivarais (1721-1757) - SagArdeche\" \/>\n<meta property=\"og:description\" content=\"Les mariages des pasteurs en Vivarais (1721-1757) SagArdeche Protestants Soci\u00e9t\u00e9 amateurs g\u00e9n\u00e9alogie Ard\u00e8che Registres BMS Notaires paroissiaux Origines Ard\u00e9choises expoactes saga protestants\" \/>\n<meta property=\"og:url\" content=\"https:\/\/sagardeche.fr\/wordpress\/index.php\/les-mariages-des-pasteurs-en-vivarais-1721-1757\/\" \/>\n<meta property=\"og:site_name\" content=\"SagArdeche\" \/>\n<meta property=\"article:publisher\" content=\"https:\/\/www.facebook.com\/geneardeche\" \/>\n<meta property=\"article:modified_time\" content=\"2023-10-19T14:50:13+00:00\" \/>\n<meta name=\"twitter:card\" content=\"summary_large_image\" \/>\n<script type=\"application\/ld+json\" class=\"yoast-schema-graph\">{\"@context\":\"https:\/\/schema.org\",\"@graph\":[{\"@type\":\"WebPage\",\"@id\":\"https:\/\/sagardeche.fr\/wordpress\/index.php\/les-mariages-des-pasteurs-en-vivarais-1721-1757\/\",\"url\":\"https:\/\/sagardeche.fr\/wordpress\/index.php\/les-mariages-des-pasteurs-en-vivarais-1721-1757\/\",\"name\":\"Les mariages des pasteurs en Vivarais (1721-1757) - SagArdeche\",\"isPartOf\":{\"@id\":\"https:\/\/sagardeche.fr\/wordpress\/#website\"},\"datePublished\":\"2023-10-19T13:47:07+00:00\",\"dateModified\":\"2023-10-19T14:50:13+00:00\",\"description\":\"Les mariages des pasteurs en Vivarais (1721-1757) SagArdeche Protestants Soci\u00e9t\u00e9 amateurs g\u00e9n\u00e9alogie Ard\u00e8che Registres BMS Notaires paroissiaux Origines Ard\u00e9choises expoactes saga protestants\",\"breadcrumb\":{\"@id\":\"https:\/\/sagardeche.fr\/wordpress\/index.php\/les-mariages-des-pasteurs-en-vivarais-1721-1757\/#breadcrumb\"},\"inLanguage\":\"fr-FR\",\"potentialAction\":[{\"@type\":\"ReadAction\",\"target\":[\"https:\/\/sagardeche.fr\/wordpress\/index.php\/les-mariages-des-pasteurs-en-vivarais-1721-1757\/\"]}]},{\"@type\":\"BreadcrumbList\",\"@id\":\"https:\/\/sagardeche.fr\/wordpress\/index.php\/les-mariages-des-pasteurs-en-vivarais-1721-1757\/#breadcrumb\",\"itemListElement\":[{\"@type\":\"ListItem\",\"position\":1,\"name\":\"Accueil\",\"item\":\"https:\/\/sagardeche.fr\/wordpress\/\"},{\"@type\":\"ListItem\",\"position\":2,\"name\":\"Les mariages des pasteurs en Vivarais (1721-1757)\"}]},{\"@type\":\"WebSite\",\"@id\":\"https:\/\/sagardeche.fr\/wordpress\/#website\",\"url\":\"https:\/\/sagardeche.fr\/wordpress\/\",\"name\":\"SagArdeche\",\"description\":\"Soci\u00e9t\u00e9 des Amateurs de G\u00e9n\u00e9alogie de l&#039;Ard\u00e8che\",\"publisher\":{\"@id\":\"https:\/\/sagardeche.fr\/wordpress\/#organization\"},\"alternateName\":\"saga\",\"potentialAction\":[{\"@type\":\"SearchAction\",\"target\":{\"@type\":\"EntryPoint\",\"urlTemplate\":\"https:\/\/sagardeche.fr\/wordpress\/?s={search_term_string}\"},\"query-input\":{\"@type\":\"PropertyValueSpecification\",\"valueRequired\":true,\"valueName\":\"search_term_string\"}}],\"inLanguage\":\"fr-FR\"},{\"@type\":\"Organization\",\"@id\":\"https:\/\/sagardeche.fr\/wordpress\/#organization\",\"name\":\"Soci\u00e9t\u00e9 des Amateurs de G\u00e9n\u00e9alogie de l'Ard\u00e8che\",\"alternateName\":\"SAGA\",\"url\":\"https:\/\/sagardeche.fr\/wordpress\/\",\"logo\":{\"@type\":\"ImageObject\",\"inLanguage\":\"fr-FR\",\"@id\":\"https:\/\/sagardeche.fr\/wordpress\/#\/schema\/logo\/image\/\",\"url\":\"https:\/\/sagardeche.fr\/wordpress\/wp-content\/uploads\/2022\/06\/cropped-LogoSAGA3-1.jpg\",\"contentUrl\":\"https:\/\/sagardeche.fr\/wordpress\/wp-content\/uploads\/2022\/06\/cropped-LogoSAGA3-1.jpg\",\"width\":50,\"height\":80,\"caption\":\"Soci\u00e9t\u00e9 des Amateurs de G\u00e9n\u00e9alogie de l'Ard\u00e8che\"},\"image\":{\"@id\":\"https:\/\/sagardeche.fr\/wordpress\/#\/schema\/logo\/image\/\"},\"sameAs\":[\"https:\/\/www.facebook.com\/geneardeche\"]}]}<\/script>\n<!-- \/ Yoast SEO plugin. -->","yoast_head_json":{"title":"Les mariages des pasteurs en Vivarais (1721-1757) - SagArdeche","description":"Les mariages des pasteurs en Vivarais (1721-1757) SagArdeche Protestants Soci\u00e9t\u00e9 amateurs g\u00e9n\u00e9alogie Ard\u00e8che Registres BMS Notaires paroissiaux Origines Ard\u00e9choises expoactes saga protestants","robots":{"index":"index","follow":"follow","max-snippet":"max-snippet:-1","max-image-preview":"max-image-preview:large","max-video-preview":"max-video-preview:-1"},"canonical":"https:\/\/sagardeche.fr\/wordpress\/index.php\/les-mariages-des-pasteurs-en-vivarais-1721-1757\/","og_locale":"fr_FR","og_type":"article","og_title":"Les mariages des pasteurs en Vivarais (1721-1757) - SagArdeche","og_description":"Les mariages des pasteurs en Vivarais (1721-1757) SagArdeche Protestants Soci\u00e9t\u00e9 amateurs g\u00e9n\u00e9alogie Ard\u00e8che Registres BMS Notaires paroissiaux Origines Ard\u00e9choises expoactes saga protestants","og_url":"https:\/\/sagardeche.fr\/wordpress\/index.php\/les-mariages-des-pasteurs-en-vivarais-1721-1757\/","og_site_name":"SagArdeche","article_publisher":"https:\/\/www.facebook.com\/geneardeche","article_modified_time":"2023-10-19T14:50:13+00:00","twitter_card":"summary_large_image","schema":{"@context":"https:\/\/schema.org","@graph":[{"@type":"WebPage","@id":"https:\/\/sagardeche.fr\/wordpress\/index.php\/les-mariages-des-pasteurs-en-vivarais-1721-1757\/","url":"https:\/\/sagardeche.fr\/wordpress\/index.php\/les-mariages-des-pasteurs-en-vivarais-1721-1757\/","name":"Les mariages des pasteurs en Vivarais (1721-1757) - SagArdeche","isPartOf":{"@id":"https:\/\/sagardeche.fr\/wordpress\/#website"},"datePublished":"2023-10-19T13:47:07+00:00","dateModified":"2023-10-19T14:50:13+00:00","description":"Les mariages des pasteurs en Vivarais (1721-1757) SagArdeche Protestants Soci\u00e9t\u00e9 amateurs g\u00e9n\u00e9alogie Ard\u00e8che Registres BMS Notaires paroissiaux Origines Ard\u00e9choises expoactes saga protestants","breadcrumb":{"@id":"https:\/\/sagardeche.fr\/wordpress\/index.php\/les-mariages-des-pasteurs-en-vivarais-1721-1757\/#breadcrumb"},"inLanguage":"fr-FR","potentialAction":[{"@type":"ReadAction","target":["https:\/\/sagardeche.fr\/wordpress\/index.php\/les-mariages-des-pasteurs-en-vivarais-1721-1757\/"]}]},{"@type":"BreadcrumbList","@id":"https:\/\/sagardeche.fr\/wordpress\/index.php\/les-mariages-des-pasteurs-en-vivarais-1721-1757\/#breadcrumb","itemListElement":[{"@type":"ListItem","position":1,"name":"Accueil","item":"https:\/\/sagardeche.fr\/wordpress\/"},{"@type":"ListItem","position":2,"name":"Les mariages des pasteurs en Vivarais (1721-1757)"}]},{"@type":"WebSite","@id":"https:\/\/sagardeche.fr\/wordpress\/#website","url":"https:\/\/sagardeche.fr\/wordpress\/","name":"SagArdeche","description":"Soci\u00e9t\u00e9 des Amateurs de G\u00e9n\u00e9alogie de l&#039;Ard\u00e8che","publisher":{"@id":"https:\/\/sagardeche.fr\/wordpress\/#organization"},"alternateName":"saga","potentialAction":[{"@type":"SearchAction","target":{"@type":"EntryPoint","urlTemplate":"https:\/\/sagardeche.fr\/wordpress\/?s={search_term_string}"},"query-input":{"@type":"PropertyValueSpecification","valueRequired":true,"valueName":"search_term_string"}}],"inLanguage":"fr-FR"},{"@type":"Organization","@id":"https:\/\/sagardeche.fr\/wordpress\/#organization","name":"Soci\u00e9t\u00e9 des Amateurs de G\u00e9n\u00e9alogie de l'Ard\u00e8che","alternateName":"SAGA","url":"https:\/\/sagardeche.fr\/wordpress\/","logo":{"@type":"ImageObject","inLanguage":"fr-FR","@id":"https:\/\/sagardeche.fr\/wordpress\/#\/schema\/logo\/image\/","url":"https:\/\/sagardeche.fr\/wordpress\/wp-content\/uploads\/2022\/06\/cropped-LogoSAGA3-1.jpg","contentUrl":"https:\/\/sagardeche.fr\/wordpress\/wp-content\/uploads\/2022\/06\/cropped-LogoSAGA3-1.jpg","width":50,"height":80,"caption":"Soci\u00e9t\u00e9 des Amateurs de G\u00e9n\u00e9alogie de l'Ard\u00e8che"},"image":{"@id":"https:\/\/sagardeche.fr\/wordpress\/#\/schema\/logo\/image\/"},"sameAs":["https:\/\/www.facebook.com\/geneardeche"]}]}},"_links":{"self":[{"href":"https:\/\/sagardeche.fr\/wordpress\/index.php\/wp-json\/wp\/v2\/pages\/3233","targetHints":{"allow":["GET"]}}],"collection":[{"href":"https:\/\/sagardeche.fr\/wordpress\/index.php\/wp-json\/wp\/v2\/pages"}],"about":[{"href":"https:\/\/sagardeche.fr\/wordpress\/index.php\/wp-json\/wp\/v2\/types\/page"}],"author":[{"embeddable":true,"href":"https:\/\/sagardeche.fr\/wordpress\/index.php\/wp-json\/wp\/v2\/users\/2"}],"replies":[{"embeddable":true,"href":"https:\/\/sagardeche.fr\/wordpress\/index.php\/wp-json\/wp\/v2\/comments?post=3233"}],"version-history":[{"count":4,"href":"https:\/\/sagardeche.fr\/wordpress\/index.php\/wp-json\/wp\/v2\/pages\/3233\/revisions"}],"predecessor-version":[{"id":3239,"href":"https:\/\/sagardeche.fr\/wordpress\/index.php\/wp-json\/wp\/v2\/pages\/3233\/revisions\/3239"}],"wp:attachment":[{"href":"https:\/\/sagardeche.fr\/wordpress\/index.php\/wp-json\/wp\/v2\/media?parent=3233"}],"wp:term":[{"taxonomy":"category","embeddable":true,"href":"https:\/\/sagardeche.fr\/wordpress\/index.php\/wp-json\/wp\/v2\/categories?post=3233"},{"taxonomy":"post_tag","embeddable":true,"href":"https:\/\/sagardeche.fr\/wordpress\/index.php\/wp-json\/wp\/v2\/tags?post=3233"}],"curies":[{"name":"wp","href":"https:\/\/api.w.org\/{rel}","templated":true}]}}

<!-- This site is optimized with the Yoast SEO plugin v24.2 - https://yoast.com/wordpress/plugins/seo/ -->
<title>Les mariages des pasteurs en Vivarais (1721-1757) - SagArdeche</title>
<meta name="description" content="Les mariages des pasteurs en Vivarais (1721-1757) SagArdeche Protestants Société amateurs généalogie Ardèche Registres BMS Notaires paroissiaux Origines Ardéchoises expoactes saga protestants" />
<meta name="robots" content="index, follow, max-snippet:-1, max-image-preview:large, max-video-preview:-1" />
<link rel="canonical" href="https://sagardeche.fr/wordpress/index.php/les-mariages-des-pasteurs-en-vivarais-1721-1757/" />
<meta property="og:locale" content="fr_FR" />
<meta property="og:type" content="article" />
<meta property="og:title" content="Les mariages des pasteurs en Vivarais (1721-1757) - SagArdeche" />
<meta property="og:description" content="Les mariages des pasteurs en Vivarais (1721-1757) SagArdeche Protestants Société amateurs généalogie Ardèche Registres BMS Notaires paroissiaux Origines Ardéchoises expoactes saga protestants" />
<meta property="og:url" content="https://sagardeche.fr/wordpress/index.php/les-mariages-des-pasteurs-en-vivarais-1721-1757/" />
<meta property="og:site_name" content="SagArdeche" />
<meta property="article:publisher" content="https://www.facebook.com/geneardeche" />
<meta property="article:modified_time" content="2023-10-19T14:50:13+00:00" />
<meta name="twitter:card" content="summary_large_image" />
<script type="application/ld+json" class="yoast-schema-graph">{"@context":"https://schema.org","@graph":[{"@type":"WebPage","@id":"https://sagardeche.fr/wordpress/index.php/les-mariages-des-pasteurs-en-vivarais-1721-1757/","url":"https://sagardeche.fr/wordpress/index.php/les-mariages-des-pasteurs-en-vivarais-1721-1757/","name":"Les mariages des pasteurs en Vivarais (1721-1757) - SagArdeche","isPartOf":{"@id":"https://sagardeche.fr/wordpress/#website"},"datePublished":"2023-10-19T13:47:07+00:00","dateModified":"2023-10-19T14:50:13+00:00","description":"Les mariages des pasteurs en Vivarais (1721-1757) SagArdeche Protestants Société amateurs généalogie Ardèche Registres BMS Notaires paroissiaux Origines Ardéchoises expoactes saga protestants","breadcrumb":{"@id":"https://sagardeche.fr/wordpress/index.php/les-mariages-des-pasteurs-en-vivarais-1721-1757/#breadcrumb"},"inLanguage":"fr-FR","potentialAction":[{"@type":"ReadAction","target":["https://sagardeche.fr/wordpress/index.php/les-mariages-des-pasteurs-en-vivarais-1721-1757/"]}]},{"@type":"BreadcrumbList","@id":"https://sagardeche.fr/wordpress/index.php/les-mariages-des-pasteurs-en-vivarais-1721-1757/#breadcrumb","itemListElement":[{"@type":"ListItem","position":1,"name":"Accueil","item":"https://sagardeche.fr/wordpress/"},{"@type":"ListItem","position":2,"name":"Les mariages des pasteurs en Vivarais (1721-1757)"}]},{"@type":"WebSite","@id":"https://sagardeche.fr/wordpress/#website","url":"https://sagardeche.fr/wordpress/","name":"SagArdeche","description":"Société des Amateurs de Généalogie de l&#039;Ardèche","publisher":{"@id":"https://sagardeche.fr/wordpress/#organization"},"alternateName":"saga","potentialAction":[{"@type":"SearchAction","target":{"@type":"EntryPoint","urlTemplate":"https://sagardeche.fr/wordpress/?s={search_term_string}"},"query-input":{"@type":"PropertyValueSpecification","valueRequired":true,"valueName":"search_term_string"}}],"inLanguage":"fr-FR"},{"@type":"Organization","@id":"https://sagardeche.fr/wordpress/#organization","name":"Société des Amateurs de Généalogie de l'Ardèche","alternateName":"SAGA","url":"https://sagardeche.fr/wordpress/","logo":{"@type":"ImageObject","inLanguage":"fr-FR","@id":"https://sagardeche.fr/wordpress/#/schema/logo/image/","url":"https://sagardeche.fr/wordpress/wp-content/uploads/2022/06/cropped-LogoSAGA3-1.jpg","contentUrl":"https://sagardeche.fr/wordpress/wp-content/uploads/2022/06/cropped-LogoSAGA3-1.jpg","width":50,"height":80,"caption":"Société des Amateurs de Généalogie de l'Ardèche"},"image":{"@id":"https://sagardeche.fr/wordpress/#/schema/logo/image/"},"sameAs":["https://www.facebook.com/geneardeche"]}]}</script>
<!-- / Yoast SEO plugin. -->

Les mariages des pasteurs en Vivarais (1721-1757) SagArdeche Protestants Société amateurs généalogie Ardèche Registres BMS Notaires paroissiaux Origines Ardéchoises expoactes saga protestants

Société des Amateurs de Généalogie de l&#039;Ardèche

Société des Amateurs de Généalogie de l'Ardèche
