{"id":1460,"date":"2022-09-25T07:46:40","date_gmt":"2022-09-25T05:46:40","guid":{"rendered":"https:\/\/sagardeche.fr\/wordpress\/?page_id=1460"},"modified":"2022-09-25T07:46:48","modified_gmt":"2022-09-25T05:46:48","slug":"en-parcourant-les-registres","status":"publish","type":"page","link":"https:\/\/sagardeche.fr\/wordpress\/index.php\/en-parcourant-les-registres\/","title":{"rendered":"En parcourant les registres&#8230;"},"content":{"rendered":"\n<h3 class=\"wp-block-heading\">La peste en l&rsquo;an 1629, texte du cur\u00e9 Guillaume S\u00e9venier.<\/h3>\n\n\n\n<p>Il faut noter que la contagion est aussi \u00e0 Joyeuse ladite ann\u00e9e mil six cent vingt neuf. La plupart des habitants sortirent de la ville le vingt deuxi\u00e8me du mois d&rsquo;aout, et nous cessames de baptiser \u00e0 l&rsquo;\u00e9glise et d&rsquo;enterrer au cimeti\u00e8re jusque&#8230;&#8230;&#8230;&#8230;&#8230; fussent retir\u00e9 ce qui en sont rester de vivant, la contagion en ayant emporter trois cent cinquante ou cinquante cinq personnes petits ou grands au nombre desquels se trouvaient plusieurs femmes&#8230;&#8230;&#8230;&#8230;&#8230;&#8230;&#8230;.. Il faut noter qu&rsquo;il y eut un mis\u00e9rable&#8230;&#8230;&#8230;. avec quelques soldats se firent garde de la ville. Celui-ci et la garde mirent la peste aux quatre coins et furent la cause de la mort de plusieurs et m\u00eame de la leur, parce qu&rsquo;ils pensaient seulement \u00e0 prendre et furent pris. Dieu ayez piti\u00e9 de luy et de tous les autres et nous veuille garder de tel fl\u00e9au \u00e0 l&rsquo;avenir&#8230;<\/p>\n\n\n\n<p>Dernier bapt\u00eame le 12 ao\u00fbt 1629 : Jean DURIEU.<br>Reprise le 7 mars 1630 : \u00ab\u00a0Bapt\u00eame en l&rsquo;\u00e9glise de Joyeuse apr\u00e8s que Dieu nous ai fait la gr\u00e2ce de nous retrouver dans nos maison \u00e0 Joyeuse apr\u00e8s la contagion\u00a0\u00bb, a \u00e9t\u00e9 baptis\u00e9e Honorade VAUCLARE&#8230;<\/p>\n\n\n\n<h3 class=\"wp-block-heading\">Mariage mouvement\u00e9 \u00e0 Rosi\u00e8re. Cur\u00e9 Chani\u00e8re<\/h3>\n\n\n\n<p>L&rsquo;an 1703 et le 30e jour du mois de janvier, Jean Dusserre fils de Mathieu et de Catherine Trouilhas du lieu d&rsquo;Augnac et Louyse Latourre fille de feu Etienne et de Jeanne Rogiere du lieu de Vernon, tous deux de cette paroisse ont contract\u00e9 mariage en face de la Ste Eglise apr\u00e8s les trois publications ordinaires. Pr\u00e9sents, Louis Gascon procureur fiscal du Duch\u00e9 de Joyeuse, Sieurs Guillaume Lafond et Jean Verdier notaires royaux dudit Joyeuse, Andr\u00e9 et Jean Trouilhas p\u00e8re et fils de Vernon, sieurs Andr\u00e9 Malmazet de Lablach\u00e8re, Andr\u00e9 Durieu et Louys Silhol d&rsquo;Augnac, quelques uns soussign\u00e9s. Les autres n&rsquo;ayant pas eu le temps de le faire \u00e0 cause de l&rsquo;alarme qui est survenue pour lors de l&rsquo;incursion des s\u00e9ditieux de la religion pr\u00e9tendue r\u00e9form\u00e9e qui venaient de br\u00fbler les \u00e9glises et les lieux de Sampzon et Gropierres.<\/p>\n\n\n\n<h3 class=\"wp-block-heading\">Meurtre \u00e0 Rosi\u00e8re. Cur\u00e9 Chani\u00e8re<\/h3>\n\n\n\n<p>L&rsquo;an 1703 et le 23 du mois d&rsquo;ao\u00fbt Jean Anduol fut assassin\u00e9 \u00e0 Paucirol, il fut enterr\u00e9 le lendemain 24 dudit mois apr\u00e8s la v\u00e9rification des coups et meurtrissures qui paraissaient sur son corps, et ordonn\u00e9e par les officiers du S\u00e9nat de Joyeuse. Ont assist\u00e9 \u00e0 cet enterrement Guillaume Th\u00e9rond, Christophe Roussel de Rosi\u00e8res, Annet Vanniere de la Crotte illetr\u00e9s.<\/p>\n\n\n\n<h3 class=\"wp-block-heading\">Autre meurtre \u00e0 Rosi\u00e8res. Cur\u00e9 Beauvoir<\/h3>\n\n\n\n<p>Le 21e avril 1731 est d\u00e9c\u00e9d\u00e9 Louis Bruger de la paroisse de Beaumont, demeurant pour berger chez les Costes, aiant \u00e9t\u00e9 frapp\u00e9 d&rsquo;un coup de pierre sur la t\u00eate par un autre berger dans le Grad. Il a \u00e9t\u00e9 enterr\u00e9 le 22e dudit mois, pr\u00e9sents Jean Boissin et Andr\u00e9 Roussillon illettr\u00e9s, le susdit jour la justice de Joyeuse fit d\u00e9terrer le corps pour le visiter.<\/p>\n\n\n\n<h3 class=\"wp-block-heading\">Pas inconnu le p\u00e8re ! Cur\u00e9 Beauvoir<\/h3>\n\n\n\n<p>Le dernier d&rsquo;ao\u00fbt 1741 est n\u00e9 Jean fils ill\u00e9gitime de Marie Bolze du lieu du Bolze paroisse de Beaumont, le p\u00e8re inconnu, ladite Marie Bolze aiant pourtant accus\u00e9 Jean Durieu du lieu d&rsquo;Augnac paroisse de Rosi\u00e8res fils l\u00e9gitime d&rsquo;Antoine et de feu Catherine Malmazet, et lui aiant donn\u00e9 l&rsquo;enfant. Il a \u00e9t\u00e9 baptis\u00e9 le deuzi\u00e8me septembre, le parrain a \u00e9t\u00e9 Jean Rousset de la paroisse de Rosi\u00e8res, la marraine Glaude Cayre de Planzoles, pr\u00e9sent Louys Guilhaumon pr\u00eatre et vicaire de la paroisse de Rosi\u00e8res.<\/p>\n\n\n\n<h3 class=\"wp-block-heading\">Un beau sermon de mariage.<\/h3>\n\n\n\n<p>L&rsquo;an 1788 et 14e jour du mois de mai, apr\u00e8s deux publications des bans de mariage faites pendant le dimanche de la Pentecoste et la seconde f\u00eate de la descente du Saint Esprit sur les ap\u00f4tres et les disciples et la m\u00e8re de Dieu et les autres femmes qui se trouvaient au cenacle pour attendre la promesse de leur divin maitre. Ciel nouveau et terre nouvelle pour la loi, les moeurs et les maximes des cr\u00e9atures de l&rsquo;adorable trinit\u00e9, un seul Dieu en trois personnes, adoration, amour et reconnaissance en esprit et v\u00e9rit\u00e9 \u00e0 l&rsquo;adorable trinit\u00e9 spirituel. Et ayant annonc\u00e9 que les contractants avaient obtenu la dispense du troisi\u00e8me ban de messire Laforest prieur cur\u00e9 des offices et official de Sabli\u00e8res en datte du onze du susdit mois de mai &#8230;&#8230;&#8230;&#8230;&#8230;<\/p>\n\n\n\n<p>je soussign\u00e9 Antoine de Rochier de Roches cur\u00e9 de l&rsquo;\u00e9glise paroissiale de Rosi\u00e8res et de Vernon ai solemnellement donn\u00e9 la b\u00e9n\u00e9diction nuptiale \u00e0 ma\u00eetre Jean Coste notaire royal habitant de Rosi\u00e8res fils l\u00e9gitime de feu Pierre et \u00e0 demoiselle Jeanne Fabre d&rsquo;une part et demoiselle Suzanne Barri\u00e8re fille de Jean Andr\u00e9 et de demoiselle Marie Marcy originaire de Vernon, restant actuellement au mas de la Tourre de Vernon, Pr\u00e9sents&#8230;<\/p>\n\n\n\n<h3 class=\"wp-block-heading\">Un des premiers bapt\u00eame \u00e0 Rosi\u00e8res sous la r\u00e9publique.<\/h3>\n\n\n\n<p>L&rsquo;an mil sept cent quatre vingt douze et le treize du mois de novembre et l&rsquo;an premier de la r\u00e9publique fran\u00e7aise, je soussign\u00e9 citoyen Antoine Rochier cur\u00e9 constitutionnel de l&rsquo;\u00e9glise paroissiale de Notre Dame de Rosi\u00e8res et de Vernon ai solemnellement baptis\u00e9 Jeanne Constant fille l\u00e9gitime de Jean et de Madeleine Crotte du lieu du Roure de cette paroisse, n\u00e9e le jour d&rsquo;hier, son parrain a \u00e9t\u00e9 Pierre Crotte son oncle et la marraine Jeanne Constant sa tante<\/p>\n\n\n\n<p>Sign\u00e9 Rochier cur\u00e9 constitutionnel<\/p>\n\n\n\n<p><em>Recueilli par Georges Lhopital<\/em><\/p>\n","protected":false},"excerpt":{"rendered":"<p>La peste en l&rsquo;an 1629, texte du cur\u00e9 Guillaume S\u00e9venier. Il faut noter que la contagion est aussi \u00e0 Joyeuse ladite ann\u00e9e mil six cent vingt neuf. La plupart des habitants sortirent de la ville le vingt deuxi\u00e8me du mois d&rsquo;aout, et nous cessames de baptiser \u00e0 l&rsquo;\u00e9glise et d&rsquo;enterrer au cimeti\u00e8re jusque&#8230;&#8230;&#8230;&#8230;&#8230; fussent retir\u00e9 [&hellip;]<\/p>\n","protected":false},"author":1,"featured_media":0,"parent":0,"menu_order":0,"comment_status":"closed","ping_status":"closed","template":"","meta":{"footnotes":""},"categories":[24],"tags":[],"class_list":["post-1460","page","type-page","status-publish","hentry","category-archives"],"yoast_head":"<!-- This site is optimized with the Yoast SEO plugin v24.2 - https:\/\/yoast.com\/wordpress\/plugins\/seo\/ -->\n<title>En parcourant les registres... - SagArdeche<\/title>\n<meta name=\"description\" content=\"En parcourant les registres... SagArdeche Soci\u00e9t\u00e9 amateurs g\u00e9n\u00e9alogie Ard\u00e8che Registres BMS Notaires paroissiaux Origines Ard\u00e9choises expoactes saga protestants\" \/>\n<meta name=\"robots\" content=\"index, follow, max-snippet:-1, max-image-preview:large, max-video-preview:-1\" \/>\n<link rel=\"canonical\" href=\"https:\/\/sagardeche.fr\/wordpress\/index.php\/en-parcourant-les-registres\/\" \/>\n<meta property=\"og:locale\" content=\"fr_FR\" \/>\n<meta property=\"og:type\" content=\"article\" \/>\n<meta property=\"og:title\" content=\"En parcourant les registres... - SagArdeche\" \/>\n<meta property=\"og:description\" content=\"En parcourant les registres... SagArdeche Soci\u00e9t\u00e9 amateurs g\u00e9n\u00e9alogie Ard\u00e8che Registres BMS Notaires paroissiaux Origines Ard\u00e9choises expoactes saga protestants\" \/>\n<meta property=\"og:url\" content=\"https:\/\/sagardeche.fr\/wordpress\/index.php\/en-parcourant-les-registres\/\" \/>\n<meta property=\"og:site_name\" content=\"SagArdeche\" \/>\n<meta property=\"article:publisher\" content=\"https:\/\/www.facebook.com\/geneardeche\" \/>\n<meta property=\"article:modified_time\" content=\"2022-09-25T05:46:48+00:00\" \/>\n<meta name=\"twitter:card\" content=\"summary_large_image\" \/>\n<meta name=\"twitter:label1\" content=\"Dur\u00e9e de lecture estim\u00e9e\" \/>\n\t<meta name=\"twitter:data1\" content=\"5 minutes\" \/>\n<script type=\"application\/ld+json\" class=\"yoast-schema-graph\">{\"@context\":\"https:\/\/schema.org\",\"@graph\":[{\"@type\":\"WebPage\",\"@id\":\"https:\/\/sagardeche.fr\/wordpress\/index.php\/en-parcourant-les-registres\/\",\"url\":\"https:\/\/sagardeche.fr\/wordpress\/index.php\/en-parcourant-les-registres\/\",\"name\":\"En parcourant les registres... - SagArdeche\",\"isPartOf\":{\"@id\":\"https:\/\/sagardeche.fr\/wordpress\/#website\"},\"datePublished\":\"2022-09-25T05:46:40+00:00\",\"dateModified\":\"2022-09-25T05:46:48+00:00\",\"description\":\"En parcourant les registres... SagArdeche Soci\u00e9t\u00e9 amateurs g\u00e9n\u00e9alogie Ard\u00e8che Registres BMS Notaires paroissiaux Origines Ard\u00e9choises expoactes saga protestants\",\"breadcrumb\":{\"@id\":\"https:\/\/sagardeche.fr\/wordpress\/index.php\/en-parcourant-les-registres\/#breadcrumb\"},\"inLanguage\":\"fr-FR\",\"potentialAction\":[{\"@type\":\"ReadAction\",\"target\":[\"https:\/\/sagardeche.fr\/wordpress\/index.php\/en-parcourant-les-registres\/\"]}]},{\"@type\":\"BreadcrumbList\",\"@id\":\"https:\/\/sagardeche.fr\/wordpress\/index.php\/en-parcourant-les-registres\/#breadcrumb\",\"itemListElement\":[{\"@type\":\"ListItem\",\"position\":1,\"name\":\"Accueil\",\"item\":\"https:\/\/sagardeche.fr\/wordpress\/\"},{\"@type\":\"ListItem\",\"position\":2,\"name\":\"En parcourant les registres&#8230;\"}]},{\"@type\":\"WebSite\",\"@id\":\"https:\/\/sagardeche.fr\/wordpress\/#website\",\"url\":\"https:\/\/sagardeche.fr\/wordpress\/\",\"name\":\"SagArdeche\",\"description\":\"Soci\u00e9t\u00e9 des Amateurs de G\u00e9n\u00e9alogie de l&#039;Ard\u00e8che\",\"publisher\":{\"@id\":\"https:\/\/sagardeche.fr\/wordpress\/#organization\"},\"alternateName\":\"saga\",\"potentialAction\":[{\"@type\":\"SearchAction\",\"target\":{\"@type\":\"EntryPoint\",\"urlTemplate\":\"https:\/\/sagardeche.fr\/wordpress\/?s={search_term_string}\"},\"query-input\":{\"@type\":\"PropertyValueSpecification\",\"valueRequired\":true,\"valueName\":\"search_term_string\"}}],\"inLanguage\":\"fr-FR\"},{\"@type\":\"Organization\",\"@id\":\"https:\/\/sagardeche.fr\/wordpress\/#organization\",\"name\":\"Soci\u00e9t\u00e9 des Amateurs de G\u00e9n\u00e9alogie de l'Ard\u00e8che\",\"alternateName\":\"SAGA\",\"url\":\"https:\/\/sagardeche.fr\/wordpress\/\",\"logo\":{\"@type\":\"ImageObject\",\"inLanguage\":\"fr-FR\",\"@id\":\"https:\/\/sagardeche.fr\/wordpress\/#\/schema\/logo\/image\/\",\"url\":\"https:\/\/sagardeche.fr\/wordpress\/wp-content\/uploads\/2022\/06\/cropped-LogoSAGA3-1.jpg\",\"contentUrl\":\"https:\/\/sagardeche.fr\/wordpress\/wp-content\/uploads\/2022\/06\/cropped-LogoSAGA3-1.jpg\",\"width\":50,\"height\":80,\"caption\":\"Soci\u00e9t\u00e9 des Amateurs de G\u00e9n\u00e9alogie de l'Ard\u00e8che\"},\"image\":{\"@id\":\"https:\/\/sagardeche.fr\/wordpress\/#\/schema\/logo\/image\/\"},\"sameAs\":[\"https:\/\/www.facebook.com\/geneardeche\"]}]}<\/script>\n<!-- \/ Yoast SEO plugin. -->","yoast_head_json":{"title":"En parcourant les registres... - SagArdeche","description":"En parcourant les registres... SagArdeche Soci\u00e9t\u00e9 amateurs g\u00e9n\u00e9alogie Ard\u00e8che Registres BMS Notaires paroissiaux Origines Ard\u00e9choises expoactes saga protestants","robots":{"index":"index","follow":"follow","max-snippet":"max-snippet:-1","max-image-preview":"max-image-preview:large","max-video-preview":"max-video-preview:-1"},"canonical":"https:\/\/sagardeche.fr\/wordpress\/index.php\/en-parcourant-les-registres\/","og_locale":"fr_FR","og_type":"article","og_title":"En parcourant les registres... - SagArdeche","og_description":"En parcourant les registres... SagArdeche Soci\u00e9t\u00e9 amateurs g\u00e9n\u00e9alogie Ard\u00e8che Registres BMS Notaires paroissiaux Origines Ard\u00e9choises expoactes saga protestants","og_url":"https:\/\/sagardeche.fr\/wordpress\/index.php\/en-parcourant-les-registres\/","og_site_name":"SagArdeche","article_publisher":"https:\/\/www.facebook.com\/geneardeche","article_modified_time":"2022-09-25T05:46:48+00:00","twitter_card":"summary_large_image","twitter_misc":{"Dur\u00e9e de lecture estim\u00e9e":"5 minutes"},"schema":{"@context":"https:\/\/schema.org","@graph":[{"@type":"WebPage","@id":"https:\/\/sagardeche.fr\/wordpress\/index.php\/en-parcourant-les-registres\/","url":"https:\/\/sagardeche.fr\/wordpress\/index.php\/en-parcourant-les-registres\/","name":"En parcourant les registres... - SagArdeche","isPartOf":{"@id":"https:\/\/sagardeche.fr\/wordpress\/#website"},"datePublished":"2022-09-25T05:46:40+00:00","dateModified":"2022-09-25T05:46:48+00:00","description":"En parcourant les registres... SagArdeche Soci\u00e9t\u00e9 amateurs g\u00e9n\u00e9alogie Ard\u00e8che Registres BMS Notaires paroissiaux Origines Ard\u00e9choises expoactes saga protestants","breadcrumb":{"@id":"https:\/\/sagardeche.fr\/wordpress\/index.php\/en-parcourant-les-registres\/#breadcrumb"},"inLanguage":"fr-FR","potentialAction":[{"@type":"ReadAction","target":["https:\/\/sagardeche.fr\/wordpress\/index.php\/en-parcourant-les-registres\/"]}]},{"@type":"BreadcrumbList","@id":"https:\/\/sagardeche.fr\/wordpress\/index.php\/en-parcourant-les-registres\/#breadcrumb","itemListElement":[{"@type":"ListItem","position":1,"name":"Accueil","item":"https:\/\/sagardeche.fr\/wordpress\/"},{"@type":"ListItem","position":2,"name":"En parcourant les registres&#8230;"}]},{"@type":"WebSite","@id":"https:\/\/sagardeche.fr\/wordpress\/#website","url":"https:\/\/sagardeche.fr\/wordpress\/","name":"SagArdeche","description":"Soci\u00e9t\u00e9 des Amateurs de G\u00e9n\u00e9alogie de l&#039;Ard\u00e8che","publisher":{"@id":"https:\/\/sagardeche.fr\/wordpress\/#organization"},"alternateName":"saga","potentialAction":[{"@type":"SearchAction","target":{"@type":"EntryPoint","urlTemplate":"https:\/\/sagardeche.fr\/wordpress\/?s={search_term_string}"},"query-input":{"@type":"PropertyValueSpecification","valueRequired":true,"valueName":"search_term_string"}}],"inLanguage":"fr-FR"},{"@type":"Organization","@id":"https:\/\/sagardeche.fr\/wordpress\/#organization","name":"Soci\u00e9t\u00e9 des Amateurs de G\u00e9n\u00e9alogie de l'Ard\u00e8che","alternateName":"SAGA","url":"https:\/\/sagardeche.fr\/wordpress\/","logo":{"@type":"ImageObject","inLanguage":"fr-FR","@id":"https:\/\/sagardeche.fr\/wordpress\/#\/schema\/logo\/image\/","url":"https:\/\/sagardeche.fr\/wordpress\/wp-content\/uploads\/2022\/06\/cropped-LogoSAGA3-1.jpg","contentUrl":"https:\/\/sagardeche.fr\/wordpress\/wp-content\/uploads\/2022\/06\/cropped-LogoSAGA3-1.jpg","width":50,"height":80,"caption":"Soci\u00e9t\u00e9 des Amateurs de G\u00e9n\u00e9alogie de l'Ard\u00e8che"},"image":{"@id":"https:\/\/sagardeche.fr\/wordpress\/#\/schema\/logo\/image\/"},"sameAs":["https:\/\/www.facebook.com\/geneardeche"]}]}},"_links":{"self":[{"href":"https:\/\/sagardeche.fr\/wordpress\/index.php\/wp-json\/wp\/v2\/pages\/1460","targetHints":{"allow":["GET"]}}],"collection":[{"href":"https:\/\/sagardeche.fr\/wordpress\/index.php\/wp-json\/wp\/v2\/pages"}],"about":[{"href":"https:\/\/sagardeche.fr\/wordpress\/index.php\/wp-json\/wp\/v2\/types\/page"}],"author":[{"embeddable":true,"href":"https:\/\/sagardeche.fr\/wordpress\/index.php\/wp-json\/wp\/v2\/users\/1"}],"replies":[{"embeddable":true,"href":"https:\/\/sagardeche.fr\/wordpress\/index.php\/wp-json\/wp\/v2\/comments?post=1460"}],"version-history":[{"count":1,"href":"https:\/\/sagardeche.fr\/wordpress\/index.php\/wp-json\/wp\/v2\/pages\/1460\/revisions"}],"predecessor-version":[{"id":1461,"href":"https:\/\/sagardeche.fr\/wordpress\/index.php\/wp-json\/wp\/v2\/pages\/1460\/revisions\/1461"}],"wp:attachment":[{"href":"https:\/\/sagardeche.fr\/wordpress\/index.php\/wp-json\/wp\/v2\/media?parent=1460"}],"wp:term":[{"taxonomy":"category","embeddable":true,"href":"https:\/\/sagardeche.fr\/wordpress\/index.php\/wp-json\/wp\/v2\/categories?post=1460"},{"taxonomy":"post_tag","embeddable":true,"href":"https:\/\/sagardeche.fr\/wordpress\/index.php\/wp-json\/wp\/v2\/tags?post=1460"}],"curies":[{"name":"wp","href":"https:\/\/api.w.org\/{rel}","templated":true}]}}