{"id":1438,"date":"2022-09-25T07:26:20","date_gmt":"2022-09-25T05:26:20","guid":{"rendered":"https:\/\/sagardeche.fr\/wordpress\/?page_id=1438"},"modified":"2022-09-25T07:31:38","modified_gmt":"2022-09-25T05:31:38","slug":"la-saga-des-patronymes","status":"publish","type":"page","link":"https:\/\/sagardeche.fr\/wordpress\/index.php\/la-saga-des-patronymes\/","title":{"rendered":"LA SAGA DES PATRONYMES"},"content":{"rendered":"\n<p>Les familles de noms et leur devenir<\/p>\n\n\n\n<figure class=\"wp-block-table\"><table class=\"has-fixed-layout\"><tbody><tr><th class=\"has-text-align-left\" data-align=\"left\" scope=\"col\">La plupart des noms de famille actuellement utilis\u00e9s ont donc leur origine au 12\u00b0 si\u00e8cle. Ils ont, apr\u00e8s ce long usage, subi des alt\u00e9rations qui font que leur signification n&rsquo;est pas toujours \u00e9vidente. Par ailleurs le fait que les personnes qui les portaient \u00e9taient souvent incapables d&rsquo;en d\u00e9crire l&rsquo;orthographe explique les variations orthographiques nombreuses dont ils furent l&rsquo;objet. Sch\u00e9matiquement, on peut dire que nos actuels noms de famille peuvent avoir quatre origines:<br>1\u00b0- Ceux qui proviennent de pr\u00e9noms et ont \u00e9t\u00e9 utilis\u00e9s \u00e0 l&rsquo;origine pour d\u00e9signer le p\u00e8re: noms germaniques (Jean fils de Robert= Jean ROBERT) ( ou noms bibliques (Pierre fils de Martin= Jean MARTIN).<br>2\u00b0- Ceux qui ont \u00e9t\u00e9 au d\u00e9part des sobriquets (Jean PETIT).<br>3\u00b0- Ceux qui font r\u00e9f\u00e9rence \u00e0 un lieu d&rsquo;origine (Jean DUPONT).<br>4\u00b0- Ceux qui font r\u00e9f\u00e9rence \u00e0 une profession (Mathieu FAURE). Parmi les 20 noms les plus port\u00e9s en France, on reconna\u00eetra facilement la famille \u00e0 laquelle ils appartiennent:<br>1- MARTIN (bibl.)<br>2- BERNARD (germ.)<br>3- THOMAS (bibl.)<br>4- PETIT (surn.)<br>5- DURAND (surn.)<br>6- RICHARD (germ.)<br>7- MOREAU (surn.)<br>8- DUBOIS (orig.)<br>9- ROBERT (germ.)<br>10- LAURENT (bibl.)<br>11- SIMON (bibl.)<br>12- MICHEL (bibl.)<br>13- LEROY (surn.)<br>14- GARCIA (\u00e9tranger)<br>15- LEFEVRE (prof.)<br>16- ROUX (surn.)<br>17- DAVID (bibl.)<br>18- BERTRAND (germ.)<br>19- FOURNIER (prof.)<br>20- GIRARD (germ.)<\/th><th class=\"has-text-align-left\" data-align=\"left\" scope=\"col\">On pourra s&rsquo;\u00e9tonner de voir appara\u00eetre parmi les vingt noms les plus port\u00e9s en France le patronyme tr\u00e8s typiquement espagnol GARCIA. La guerre civile en Espagne n&rsquo;est pas \u00e9trang\u00e8re au ph\u00e9nom\u00e8ne, bien s\u00fbr, mais pourquoi cette surabondance de GARCIA par rapport \u00e0 d&rsquo;autres patronymes espagnols aussi fr\u00e9quents en Espagne? La guerre d&rsquo;Indochine a fait appara\u00eetre chez nous un patronyme dont le nombre est en train de monter en fl\u00e8che: N&rsquo;GUYEN. Peut-on \u00e9valuer de fa\u00e7on pr\u00e9cise le nombre de patronymes existant en France ? Les donn\u00e9es s\u00fbres et objectives sont rares. En 1969, une statistique r\u00e9alis\u00e9e \u00e0 partir du seul annuaire t\u00e9l\u00e9phonique de Paris avait donn\u00e9 un total de 190.000 noms diff\u00e9rents. Le Minitel donnerait sans doute de nos jours des chiffres plus pr\u00e9cis mais il semble que ce chiffre s&rsquo;\u00e9tablit aux environs de 300.000 patronymes si on s&rsquo;en tient aux noms vraiment diff\u00e9rents, sans tenir compte des orthographes variables. Ce flou dans le nombre de patronymes existants a aliment\u00e9 une sorte de psychose. Il y a quelques ann\u00e9es, apr\u00e8s une th\u00e8se soutenue en 1979 par un polytechnicien, les m\u00e9dias s&rsquo;\u00e9taient fait l&rsquo;\u00e9cho d&rsquo;une crainte, celle de la rar\u00e9faction de certains noms de famille et de leur disparition \u00e9ventuelle en quelques g\u00e9n\u00e9rations. Les calculs effectu\u00e9s par ce polytechnicien et publi\u00e9s dans un ouvrage intitul\u00e9 \u00ab\u00a0Vie et mort des noms de famille\u00a0\u00bb amenaient leur auteur \u00e0 pr\u00e9voir dans les vingt prochaines ann\u00e9es la disparition de 75% des noms de famille. Les noms les plus fr\u00e9quents le devenaient plus encore, les plus rares \u00e9tant vou\u00e9s \u00e0 une disparition rapide. Il semble aujourd&rsquo;hui que ces calculs ne s&rsquo;appuyaient que sur des donn\u00e9es douteuses et que notre \u00ab\u00a0stock\u00a0\u00bb de patronymes ne diminue pas. On a pu d\u00e9montrer, g\u00e9n\u00e9alogies \u00e0 l&rsquo;appui, qu&rsquo;un nom port\u00e9 par plus de 10 hommes, n&rsquo;a pas plus de 10% de chances de dispara\u00eetre en 5 si\u00e8cles. Un nombre infime des patronymes cit\u00e9s dans les \u00ab\u00a0estimes\u00a0\u00bb de 1464 a disparu de nos jours. Par ailleurs, rien ne permet de d\u00e9montrer que les MARTIN, les BERNARD ou les THOMAS se multiplient au d\u00e9triment des CAREMBUSTE. Alors ne vous d\u00e9sesp\u00e9rez pas trop si votre fils unique n&rsquo;a lui m\u00eame qu&rsquo;un seul fils: votre patronyme a toutes chances de survivre tout de m\u00eame ! &nbsp; <em>Michel GUIGAL<\/em><\/th><\/tr><\/tbody><\/table><\/figure>\n\n\n\n<p>Les familles de noms et leur devenir<\/p>\n","protected":false},"excerpt":{"rendered":"<p>Les familles de noms et leur devenir La plupart des noms de famille actuellement utilis\u00e9s ont donc leur origine au 12\u00b0 si\u00e8cle. Ils ont, apr\u00e8s ce long usage, subi des alt\u00e9rations qui font que leur signification n&rsquo;est pas toujours \u00e9vidente. Par ailleurs le fait que les personnes qui les portaient \u00e9taient souvent incapables d&rsquo;en d\u00e9crire [&hellip;]<\/p>\n","protected":false},"author":1,"featured_media":0,"parent":0,"menu_order":0,"comment_status":"closed","ping_status":"closed","template":"","meta":{"footnotes":""},"categories":[24],"tags":[],"class_list":["post-1438","page","type-page","status-publish","hentry","category-archives"],"yoast_head":"<!-- This site is optimized with the Yoast SEO plugin v24.2 - https:\/\/yoast.com\/wordpress\/plugins\/seo\/ -->\n<title>LA SAGA DES PATRONYMES - SagArdeche<\/title>\n<meta name=\"description\" content=\"LA SAGA DES PATRONYMES SagArdeche Soci\u00e9t\u00e9 amateurs g\u00e9n\u00e9alogie Ard\u00e8che Registres BMS Notaires paroissiaux Origines Ard\u00e9choises expoactes saga protestants\" \/>\n<meta name=\"robots\" content=\"index, follow, max-snippet:-1, max-image-preview:large, max-video-preview:-1\" \/>\n<link rel=\"canonical\" href=\"https:\/\/sagardeche.fr\/wordpress\/index.php\/la-saga-des-patronymes\/\" \/>\n<meta property=\"og:locale\" content=\"fr_FR\" \/>\n<meta property=\"og:type\" content=\"article\" \/>\n<meta property=\"og:title\" content=\"LA SAGA DES PATRONYMES - SagArdeche\" \/>\n<meta property=\"og:description\" content=\"LA SAGA DES PATRONYMES SagArdeche Soci\u00e9t\u00e9 amateurs g\u00e9n\u00e9alogie Ard\u00e8che Registres BMS Notaires paroissiaux Origines Ard\u00e9choises expoactes saga protestants\" \/>\n<meta property=\"og:url\" content=\"https:\/\/sagardeche.fr\/wordpress\/index.php\/la-saga-des-patronymes\/\" \/>\n<meta property=\"og:site_name\" content=\"SagArdeche\" \/>\n<meta property=\"article:publisher\" content=\"https:\/\/www.facebook.com\/geneardeche\" \/>\n<meta property=\"article:modified_time\" content=\"2022-09-25T05:31:38+00:00\" \/>\n<meta name=\"twitter:card\" content=\"summary_large_image\" \/>\n<meta name=\"twitter:label1\" content=\"Dur\u00e9e de lecture estim\u00e9e\" \/>\n\t<meta name=\"twitter:data1\" content=\"3 minutes\" \/>\n<script type=\"application\/ld+json\" class=\"yoast-schema-graph\">{\"@context\":\"https:\/\/schema.org\",\"@graph\":[{\"@type\":\"WebPage\",\"@id\":\"https:\/\/sagardeche.fr\/wordpress\/index.php\/la-saga-des-patronymes\/\",\"url\":\"https:\/\/sagardeche.fr\/wordpress\/index.php\/la-saga-des-patronymes\/\",\"name\":\"LA SAGA DES PATRONYMES - SagArdeche\",\"isPartOf\":{\"@id\":\"https:\/\/sagardeche.fr\/wordpress\/#website\"},\"datePublished\":\"2022-09-25T05:26:20+00:00\",\"dateModified\":\"2022-09-25T05:31:38+00:00\",\"description\":\"LA SAGA DES PATRONYMES SagArdeche Soci\u00e9t\u00e9 amateurs g\u00e9n\u00e9alogie Ard\u00e8che Registres BMS Notaires paroissiaux Origines Ard\u00e9choises expoactes saga protestants\",\"breadcrumb\":{\"@id\":\"https:\/\/sagardeche.fr\/wordpress\/index.php\/la-saga-des-patronymes\/#breadcrumb\"},\"inLanguage\":\"fr-FR\",\"potentialAction\":[{\"@type\":\"ReadAction\",\"target\":[\"https:\/\/sagardeche.fr\/wordpress\/index.php\/la-saga-des-patronymes\/\"]}]},{\"@type\":\"BreadcrumbList\",\"@id\":\"https:\/\/sagardeche.fr\/wordpress\/index.php\/la-saga-des-patronymes\/#breadcrumb\",\"itemListElement\":[{\"@type\":\"ListItem\",\"position\":1,\"name\":\"Accueil\",\"item\":\"https:\/\/sagardeche.fr\/wordpress\/\"},{\"@type\":\"ListItem\",\"position\":2,\"name\":\"LA SAGA DES PATRONYMES\"}]},{\"@type\":\"WebSite\",\"@id\":\"https:\/\/sagardeche.fr\/wordpress\/#website\",\"url\":\"https:\/\/sagardeche.fr\/wordpress\/\",\"name\":\"SagArdeche\",\"description\":\"Soci\u00e9t\u00e9 des Amateurs de G\u00e9n\u00e9alogie de l&#039;Ard\u00e8che\",\"publisher\":{\"@id\":\"https:\/\/sagardeche.fr\/wordpress\/#organization\"},\"alternateName\":\"saga\",\"potentialAction\":[{\"@type\":\"SearchAction\",\"target\":{\"@type\":\"EntryPoint\",\"urlTemplate\":\"https:\/\/sagardeche.fr\/wordpress\/?s={search_term_string}\"},\"query-input\":{\"@type\":\"PropertyValueSpecification\",\"valueRequired\":true,\"valueName\":\"search_term_string\"}}],\"inLanguage\":\"fr-FR\"},{\"@type\":\"Organization\",\"@id\":\"https:\/\/sagardeche.fr\/wordpress\/#organization\",\"name\":\"Soci\u00e9t\u00e9 des Amateurs de G\u00e9n\u00e9alogie de l'Ard\u00e8che\",\"alternateName\":\"SAGA\",\"url\":\"https:\/\/sagardeche.fr\/wordpress\/\",\"logo\":{\"@type\":\"ImageObject\",\"inLanguage\":\"fr-FR\",\"@id\":\"https:\/\/sagardeche.fr\/wordpress\/#\/schema\/logo\/image\/\",\"url\":\"https:\/\/sagardeche.fr\/wordpress\/wp-content\/uploads\/2022\/06\/cropped-LogoSAGA3-1.jpg\",\"contentUrl\":\"https:\/\/sagardeche.fr\/wordpress\/wp-content\/uploads\/2022\/06\/cropped-LogoSAGA3-1.jpg\",\"width\":50,\"height\":80,\"caption\":\"Soci\u00e9t\u00e9 des Amateurs de G\u00e9n\u00e9alogie de l'Ard\u00e8che\"},\"image\":{\"@id\":\"https:\/\/sagardeche.fr\/wordpress\/#\/schema\/logo\/image\/\"},\"sameAs\":[\"https:\/\/www.facebook.com\/geneardeche\"]}]}<\/script>\n<!-- \/ Yoast SEO plugin. -->","yoast_head_json":{"title":"LA SAGA DES PATRONYMES - SagArdeche","description":"LA SAGA DES PATRONYMES SagArdeche Soci\u00e9t\u00e9 amateurs g\u00e9n\u00e9alogie Ard\u00e8che Registres BMS Notaires paroissiaux Origines Ard\u00e9choises expoactes saga protestants","robots":{"index":"index","follow":"follow","max-snippet":"max-snippet:-1","max-image-preview":"max-image-preview:large","max-video-preview":"max-video-preview:-1"},"canonical":"https:\/\/sagardeche.fr\/wordpress\/index.php\/la-saga-des-patronymes\/","og_locale":"fr_FR","og_type":"article","og_title":"LA SAGA DES PATRONYMES - SagArdeche","og_description":"LA SAGA DES PATRONYMES SagArdeche Soci\u00e9t\u00e9 amateurs g\u00e9n\u00e9alogie Ard\u00e8che Registres BMS Notaires paroissiaux Origines Ard\u00e9choises expoactes saga protestants","og_url":"https:\/\/sagardeche.fr\/wordpress\/index.php\/la-saga-des-patronymes\/","og_site_name":"SagArdeche","article_publisher":"https:\/\/www.facebook.com\/geneardeche","article_modified_time":"2022-09-25T05:31:38+00:00","twitter_card":"summary_large_image","twitter_misc":{"Dur\u00e9e de lecture estim\u00e9e":"3 minutes"},"schema":{"@context":"https:\/\/schema.org","@graph":[{"@type":"WebPage","@id":"https:\/\/sagardeche.fr\/wordpress\/index.php\/la-saga-des-patronymes\/","url":"https:\/\/sagardeche.fr\/wordpress\/index.php\/la-saga-des-patronymes\/","name":"LA SAGA DES PATRONYMES - SagArdeche","isPartOf":{"@id":"https:\/\/sagardeche.fr\/wordpress\/#website"},"datePublished":"2022-09-25T05:26:20+00:00","dateModified":"2022-09-25T05:31:38+00:00","description":"LA SAGA DES PATRONYMES SagArdeche Soci\u00e9t\u00e9 amateurs g\u00e9n\u00e9alogie Ard\u00e8che Registres BMS Notaires paroissiaux Origines Ard\u00e9choises expoactes saga protestants","breadcrumb":{"@id":"https:\/\/sagardeche.fr\/wordpress\/index.php\/la-saga-des-patronymes\/#breadcrumb"},"inLanguage":"fr-FR","potentialAction":[{"@type":"ReadAction","target":["https:\/\/sagardeche.fr\/wordpress\/index.php\/la-saga-des-patronymes\/"]}]},{"@type":"BreadcrumbList","@id":"https:\/\/sagardeche.fr\/wordpress\/index.php\/la-saga-des-patronymes\/#breadcrumb","itemListElement":[{"@type":"ListItem","position":1,"name":"Accueil","item":"https:\/\/sagardeche.fr\/wordpress\/"},{"@type":"ListItem","position":2,"name":"LA SAGA DES PATRONYMES"}]},{"@type":"WebSite","@id":"https:\/\/sagardeche.fr\/wordpress\/#website","url":"https:\/\/sagardeche.fr\/wordpress\/","name":"SagArdeche","description":"Soci\u00e9t\u00e9 des Amateurs de G\u00e9n\u00e9alogie de l&#039;Ard\u00e8che","publisher":{"@id":"https:\/\/sagardeche.fr\/wordpress\/#organization"},"alternateName":"saga","potentialAction":[{"@type":"SearchAction","target":{"@type":"EntryPoint","urlTemplate":"https:\/\/sagardeche.fr\/wordpress\/?s={search_term_string}"},"query-input":{"@type":"PropertyValueSpecification","valueRequired":true,"valueName":"search_term_string"}}],"inLanguage":"fr-FR"},{"@type":"Organization","@id":"https:\/\/sagardeche.fr\/wordpress\/#organization","name":"Soci\u00e9t\u00e9 des Amateurs de G\u00e9n\u00e9alogie de l'Ard\u00e8che","alternateName":"SAGA","url":"https:\/\/sagardeche.fr\/wordpress\/","logo":{"@type":"ImageObject","inLanguage":"fr-FR","@id":"https:\/\/sagardeche.fr\/wordpress\/#\/schema\/logo\/image\/","url":"https:\/\/sagardeche.fr\/wordpress\/wp-content\/uploads\/2022\/06\/cropped-LogoSAGA3-1.jpg","contentUrl":"https:\/\/sagardeche.fr\/wordpress\/wp-content\/uploads\/2022\/06\/cropped-LogoSAGA3-1.jpg","width":50,"height":80,"caption":"Soci\u00e9t\u00e9 des Amateurs de G\u00e9n\u00e9alogie de l'Ard\u00e8che"},"image":{"@id":"https:\/\/sagardeche.fr\/wordpress\/#\/schema\/logo\/image\/"},"sameAs":["https:\/\/www.facebook.com\/geneardeche"]}]}},"_links":{"self":[{"href":"https:\/\/sagardeche.fr\/wordpress\/index.php\/wp-json\/wp\/v2\/pages\/1438","targetHints":{"allow":["GET"]}}],"collection":[{"href":"https:\/\/sagardeche.fr\/wordpress\/index.php\/wp-json\/wp\/v2\/pages"}],"about":[{"href":"https:\/\/sagardeche.fr\/wordpress\/index.php\/wp-json\/wp\/v2\/types\/page"}],"author":[{"embeddable":true,"href":"https:\/\/sagardeche.fr\/wordpress\/index.php\/wp-json\/wp\/v2\/users\/1"}],"replies":[{"embeddable":true,"href":"https:\/\/sagardeche.fr\/wordpress\/index.php\/wp-json\/wp\/v2\/comments?post=1438"}],"version-history":[{"count":2,"href":"https:\/\/sagardeche.fr\/wordpress\/index.php\/wp-json\/wp\/v2\/pages\/1438\/revisions"}],"predecessor-version":[{"id":1440,"href":"https:\/\/sagardeche.fr\/wordpress\/index.php\/wp-json\/wp\/v2\/pages\/1438\/revisions\/1440"}],"wp:attachment":[{"href":"https:\/\/sagardeche.fr\/wordpress\/index.php\/wp-json\/wp\/v2\/media?parent=1438"}],"wp:term":[{"taxonomy":"category","embeddable":true,"href":"https:\/\/sagardeche.fr\/wordpress\/index.php\/wp-json\/wp\/v2\/categories?post=1438"},{"taxonomy":"post_tag","embeddable":true,"href":"https:\/\/sagardeche.fr\/wordpress\/index.php\/wp-json\/wp\/v2\/tags?post=1438"}],"curies":[{"name":"wp","href":"https:\/\/api.w.org\/{rel}","templated":true}]}}